k and f?
11
Let y = -1370 - -1377. Let o(a) = -a**3 - 3*a**2 + 5*a + 3. Let x be o(-4). Let j be (x/2)/(4/(-280)). What is the greatest common divisor of y and j?
7
Suppose 0 = 4*k - 42 - 6. Suppose 0 = -5*p + 13 + k. Suppose -2*u + p*u = 99. Calculate the highest common divisor of u and 11.
11
Let n(h) = -22*h**2 + 3*h + 2. Let y be n(-1). Let c be y/(-3)*(-4 - -7). What is the greatest common divisor of c and 23?
23
Let y = 40 - 35. Let j(g) = -g**3 + 6*g**2 + 5*g + 2. Let n be j(y). What is the greatest common factor of n and 78?
26
Let z be 9/2 + (-25)/50. Let f be (z - -3)/7 - (0 + -19). What is the greatest common divisor of f and 8?
4
Let v(u) = 3*u**2 + 50*u - 24. Let q be v(-18). Let c be (-70)/28*q/(-10). Calculate the highest common divisor of 3 and c.
3
Let w be (-6 - 139)*(-16)/10. Let r be w - (-3)/9*-3. Suppose 0 = -5*u + 3*z - 47 + 155, -2*z = -2*u + 44. Calculate the greatest common divisor of u and r.
21
Suppose -2*c + 0*c - 104 = 0. Let z = -28 - c. Let q be 1009/6 + (-4)/z. Calculate the highest common divisor of 24 and q.
24
Suppose -20 = -0*b - b. Let n = 679 - 386. Suppose -t = 4*u - n + 98, -2*u + 125 = -5*t. Calculate the highest common divisor of b and u.
10
Suppose -37 = -4*f + 3*n, 0 = -f + 3*f + 4*n - 24. Suppose -7*b - f = -5*k - 2*b, 0 = 4*b. What is the highest common factor of 8 and k?
2
Let j = 127 - 108. What is the greatest common divisor of j and 38?
19
Suppose 0 = 11*n - 7*n + i - 23, -8 = -n - i. Suppose -z - 65 = -2*z - u, -5*z + 335 = -n*u. What is the greatest common factor of z and 99?
33
Let f = -2180 + 2648. Calculate the greatest common divisor of f and 108.
36
Let y be (0 + 0)*(9 + -8). Suppose 4*x - 8*x - 28 = y. Let t be (20/x)/(6/(-21)). Calculate the highest common factor of 15 and t.
5
Let q be (3/4)/((-118092)/(-19680) + -6). Calculate the greatest common divisor of 30 and q.
30
Suppose 0 = -2*n + 4*h + 2264, -21*h = 3*n - 19*h - 3428. What is the highest common factor of 20 and n?
20
Let g be (-48)/(-84) + 2642/7. What is the greatest common factor of g and 216?
54
Suppose -3*x - 80 - 181 = -3*y, -195 = -2*y - 5*x. Suppose -9*h - 9 = -99. What is the highest common factor of h and y?
10
Let y(k) = -5*k + 5 + 2 - 2 + k**2 + 1. Let l be y(5). Let n(s) = s**3 - 7*s**2 + 8*s. Let v be n(l). What is the highest common factor of 12 and v?
12
Let b be (1228/16 - -2) + (-4)/(-16). Let q = 151 - 108. Let y = b - q. What is the greatest common divisor of y and 12?
12
Let p be (-3)/(-2) - 22/4. Let k be (0 - p)*36/8. Let t be (-181)/(-4) + (-2)/8. Calculate the highest common factor of t and k.
9
Let c be 1/((-22)/(-4)) + 86/11. What is the greatest common divisor of c and 17?
1
Suppose -5*b - 68 + 3 = 0. Let l = 24 + b. Calculate the greatest common factor of l and 55.
11
Let d(y) be the first derivative of 15*y + 5*y**2 + 4 + 1/3*y**3. Let x be d(-11). What is the highest common factor of x and 65?
13
Let u(c) = -6*c - 2. Let b be u(-1). Suppose -2*x - b*i + 150 = 0, x - 6*x - 5*i + 400 = 0. Calculate the greatest common divisor of 17 and x.
17
Let n(k) = 2*k**2 - k - 1. Let z(j) = -j**2 + 2. Let s be z(0). Let y be n(s). Let t be 12 + -4 + (y - 3). What is the greatest common factor of t and 80?
10
Suppose 5*d - 6 = o, -3*d - 24 = -2*o - 5*d. What is the greatest common divisor of o and 261?
9
Let s be (1/((-7)/(-16)) - 2)*7. Suppose -s*t = -4 - 8. Calculate the highest common divisor of 18 and t.
6
Suppose -2*b - 23 = -5*f, 22 = 5*f + 3*b - 6. Suppose -2*u - u = f*x - 31, -3*u - 1 = x. Suppose 12 = o - x. Calculate the greatest common factor of 30 and o.
10
Let n(d) = 17 + 5*d - 11 - 2*d**2 + 20*d. Let j be n(12). Calculate the highest common factor of j and 126.
18
Let k = 152 + -143. What is the greatest common factor of k and 63?
9
Suppose 10*i - 271 = -101. Calculate the highest common factor of i and 119.
17
Let z(k) = 29*k**2 - 3*k - 7. Let g(a) = -28*a**2 + 2*a + 6. Let q(o) = -3*g(o) - 2*z(o). Let t be q(2). What is the highest common divisor of t and 20?
20
Let i(q) = -q**3 + 5*q**2 - 6. Let s be i(2). Calculate the greatest common factor of s and 234.
6
Let y = -19 + 21. Suppose 2*f = -2*j - 0 + 10, -j - 1 = -y*f. Let d be 14 + (-1)/(-3)*j. Calculate the greatest common factor of 10 and d.
5
Let r(f) = 2*f + 6. Let j be r(15). Suppose 0*y - y = -12. Suppose y + 0 = p. Calculate the greatest common divisor of j and p.
12
Let d = 933 + 659. Calculate the greatest common divisor of 8 and d.
8
Let l = -1 - -4. Let j be (466/6 + -1)*(-96)/(-80). Suppose -3*k + 3*w + j = -2*w, -2*w = 2*k - 40. What is the greatest common factor of l and k?
3
Let f be 287/63 - (-24)/54. Calculate the highest common factor of f and 5.
5
Suppose 26*r - 408 = 112. What is the highest common factor of r and 230?
10
Let l(k) = 6*k - 11*k - 2*k**3 + 0 - k**2 + 0. Let b be l(-3). Calculate the highest common factor of b and 12.
12
Let q be 19 + -2 + 2 + -2. Suppose -6 = 4*k - 26. Let t(l) = 23*l + 4. Let j be t(k). What is the highest common divisor of q and j?
17
Let x(m) = 19*m + 263. Let j be x(-11). Calculate the highest common divisor of 594 and j.
54
Suppose 7 = -3*a - 5. Let t(n) = -n**3 - 3*n**2 + n + 3. Let g be t(a). Suppose -5*d + 2 = -23. Calculate the highest common factor of d and g.
5
Let n(z) = 3*z**2 - 5*z - 3. Let j be n(4). Suppose w = -3*q - 0*q + 50, q = w + 10. What is the greatest common divisor of q and j?
5
Let f be -42*(0 + (-20)/6). Let s = -3449 - -1101. Let d be 2/21 - s/42. Calculate the highest common divisor of f and d.
28
Suppose -25*z + 136 = -24*z. Calculate the highest common factor of z and 17.
17
Let b be -4 + 78 + 0 + 1. What is the greatest common divisor of b and 30?
15
Suppose -z = 2*z - 6. Let o(a) = 5*a + 50. Let f be o(-4). Let g = -27 + f. What is the highest common divisor of g and z?
1
Suppose -3*y - 108 = -2*r - 832, -y + 228 = 2*r. What is the highest common factor of 14 and y?
14
Let o = -619 + 806. Calculate the highest common factor of o and 11.
11
Let i = -104 + 132. What is the greatest common divisor of 28 and i?
28
Suppose 0 = 31*a + 7*a - 40964. Calculate the greatest common divisor of a and 11.
11
Let p be (-339)/(-9)*-1*45. Let u be 8/(-36) - p/(-27). Let v be (-18)/u + 54/7. What is the greatest common divisor of v and 16?
8
Let r = -5 + 93. Let i be (-2 - (1 + -2))*0. Suppose -u - 23 + 31 = i. What is the greatest common factor of r and u?
8
Suppose y - 113 = 166. Calculate the greatest common factor of 62 and y.
31
Let m(w) = -w**3 - 5*w**2 + 8*w + 7. Let x be m(-6). Let t be (-1)/x - 18/(-10). Suppose -t*h = -5*h + 294. Calculate the highest common divisor of 14 and h.
14
Let k = 1 - -1. Let p(s) be the first derivative of s**3/3 - 4*s**2 + 13*s - 19. Let x be p(7). What is the highest common divisor of k and x?
2
Suppose 7*q - 10 = -4*b + 9*q, -5*b + 4*q = -8. Suppose m - 2*v - 138 - 43 = 0, 8 = b*v. What is the highest common factor of 37 and m?
37
Let j(z) = -27*z - 8. Let f be j(7). Let p = -92 - f. Suppose -2*v = -4*v + 2*w + 36, -5*w = 2*v - 15. Calculate the highest common factor of v and p.
15
Suppose 5*g - 7 = 3*n + 28, -10 = -5*g - 2*n. Suppose 2 = r, -u - g*r + 24 = -2*r. Let w = -38 + 78. Calculate the greatest common divisor of w and u.
20
Let y(c) = 6*c - 2. Let m be y(5). Let u = 34 - -524. Suppose 9*x = u + 72. Calculate the highest common divisor of x and m.
14
Let o(x) = 7*x + 21. Let z(d) = 3*d + 10. Let m(h) = -4*o(h) + 10*z(h). Let v be m(-7). Calculate the highest common divisor of 18 and v.
2
Suppose 37*v - 1 = 73. Calculate the greatest common factor of v and 41.
1
Let p be 2/4*(4 + -6). Let s be -3*p*15/9. Let a be 14 - (-4)/(s - 3). What is the highest common factor of a and 16?
16
Suppose 4*q + 12 = -5*y + y, 0 = 2*y + 4*q + 16. Let j(v) = -v**3 + 10*v**2 + 3*v - 20. Let x be j(10). What is the highest common divisor of y and x?
2
Let o = 2 + 4. Suppose -18 = -3*v - o. Calculate the highest common factor of v and 6.
2
Suppose 7*p - p = 168. Suppose 4 = 2*z - 2*b, z + 3*z - 5*b - 6 = 0. Calculate the highest common factor of p and z.
4
Suppose 5*s + 5 = 6*s, d = s + 15. Calculate the greatest common divisor of 45 and d.
5
Let b(m) = 4*m + 5. Let h be b(5). Let p(u) = 2*u**3 + u**2 - 134. Let d be p(0). Let f = d + 259. Calcu